4.
10
Calculate the remainder when 471 is divided by 249.
222
Calculate the remainder when 1103 is divided by 189.
158
What is the remainder when 40348 is divided by 30?
28
What is the remainder when 31 is divided by 19?
12
What is the remainder when 7012 is divided by 21?
19
Calculate the remainder when 649 is divided by 14.
5
What is the remainder when 649 is divided by 50?
49
What is the remainder when 409 is divided by 196?
17
What is the remainder when 837 is divided by 8?
5
Calculate the remainder when 1652 is divided by 445.
317
What is the remainder when 111 is divided by 74?
37
What is the remainder when 136 is divided by 66?
4
What is the remainder when 447 is divided by 93?
75
Calculate the remainder when 1572 is divided by 295.
97
What is the remainder when 237 is divided by 36?
21
What is the remainder when 51 is divided by 14?
9
Calculate the remainder when 13105 is divided by 51.
49
Calculate the remainder when 16495 is divided by 9.
7
Calculate the remainder when 340 is divided by 8.
4
Calculate the remainder when 485 is divided by 84.
65
What is the remainder when 530 is divided by 139?
113
Calculate the remainder when 372 is divided by 69.
27
What is the remainder when 4908 is divided by 117?
111
What is the remainder when 109 is divided by 104?
5
What is the remainder when 167 is divided by 78?
11
Calculate the remainder when 4395 is divided by 18.
3
Calculate the remainder when 1016 is divided by 34.
30
What is the remainder when 1663 is divided by 45?
43
What is the remainder when 67 is divided by 17?
16
What is the remainder when 333 is divided by 87?
72
Calculate the remainder when 221 is divided by 5.
1
What is the remainder when 527 is divided by 23?
21
What is the remainder when 1210 is divided by 6?
4
What is the remainder when 458 is divided by 151?
5
Calculate the remainder when 37883 is divided by 14.
13
Calculate the remainder when 238 is divided by 40.
38
What is the remainder when 45676 is divided by 46?
44
What is the remainder when 89 is divided by 35?
19
Calculate the remainder when 45 is divided by 13.
6
Calculate the remainder when 14533 is divided by 169.
168
Calculate the remainder when 615 is divided by 8.
7
Calculate the remainder when 394 is divided by 40.
34
Calculate the remainder when 475 is divided by 70.
55
Calculate the remainder when 7101 is divided by 37.
34
What is the remainder when 297 is divided by 12?
9
What is the remainder when 871 is divided by 109?
108
What is the remainder when 14 is divided by 6?
2
Calculate the remainder when 1572 is divided by 176.
164
Calculate the remainder when 172 is divided by 20.
12
Calculate the remainder when 21 is divided by 7.
0
Calculate the remainder when 189 is divided by 10.
9
What is the remainder when 41 is divided by 34?
7
Calculate the remainder when 2487 is divided by 166.
163
Calculate the remainder when 3608 is divided by 38.
36
What is the remainder when 1239 is divided by 31?
30
Calculate the remainder when 172 is divided by 16.
12
Calculate the remainder when 873 is divided by 22.
15
What is the remainder when 679 is divided by 85?
84
What is the remainder when 430 is divided by 27?
25
What is the remainder when 207 is divided by 21?
18
What is the remainder when 516 is divided by 8?
4
Calculate the remainder when 1527 is divided by 191.
190
What is the remainder when 384 is divided by 114?
42
What is the remainder when 54 is divided by 29?
25
Calculate the remainder when 84 is divided by 19.
8
What is the remainder when 62 is divided by 21?
20
What is the remainder when 239 is divided by 20?
19
What is the remainder when 581 is divided by 11?
9
Calculate the remainder when 133 is divided by 32.
5
What is the remainder when 83 is divided by 44?
39
What is the remainder when 304 is divided by 102?
100
What is the remainder when 61 is divided by 35?
26
What is the remainder when 693 is divided by 346?
1
What is the remainder when 304 is divided by 292?
12
What is the remainder when 3467 is divided by 18?
11
Calculate the remainder when 179 is divided by 47.
38
What is the remainder when 1244 is divided by 52?
48
Calculate the remainder when 210 is divided by 3.
0
What is the remainder when 656 is divided by 13?
6
What is the remainder when 669 is divided by 334?
1
What is the remainder when 181 is divided by 46?
43
Calculate the remainder when 885 is divided by 645.
240
Calculate the remainder when 453 is divided by 152.
149
Calculate the remainder when 2964 is divided by 66.
60
Calculate the remainder when 407 is divided by 51.
50
What is the remainder when 735 is divided by 16?
15
What is the remainder when 293 is divided by 51?
38
Calculate the remainder when 1430 is divided by 118.
14
Calculate the remainder when 689 is divided by 12.
5
What is the remainder when 66 is divided by 57?
9
Calculate the remainder when 112 is divided by 13.
8
What is the remainder when 130 is divided by 19?
16
What is the remainder when 52811 is divided by 324?
323
Calculate the remainder when 51 is divided by 5.
1
Calculate the remainder when 631 is divided by 168.
127
What is the remainder when 3328 is divided by 37?
35
Calculate the remainder when 558 is divided by 11.
8
What is the remainder when 100 is divided by 23?
8
Calculate the remainder when 237 is divided by 30.
27
What is the remainder when 1271 is divided by 17?
13
Calculate the remainder when 571 is divided by 174.
49
What is the remainder when 5 is divided by 1?
0
What is the remainder when 544 is divided by 14?
12
Calculate the remainder when 498 is divided by 35.
8
What is the remainder when 1666 is divided by 184?
10
Calculate the remainder when 1443 is divided by 278.
53
What is the remainder when 3477 is divided by 24?
21
What is the remainder when 4101 is divided by 186?
9
Calculate the remainder when 89 is divided by 52.
37
What is the remainder when 109 is divided by 16?
13
What is the remainder when 236 is divided by 34?
32
What is the remainder when 41 is divided by 13?
2
What is the remainder when 348 is divided by 128?
92
What is the remainder when 3585 is divided by 124?
113
What is the remainder when 45 is divided by 17?
11
Calculate the remainder when 254 is divided by 17.
16
What is the remainder when 615 is divided by 22?
21
What is the remainder when 285 is divided by 97?
91
What is the remainder when 85 is divided by 9?
4
What is the remainder when 49 is divided by 5?
4
What is the remainder when 487 is divided by 316?
171
Calculate the remainder when 328 is divided by 33.
31
What is the remainder when 352 is divided by 15?
7
Calculate the remainder when 54 is divided by 31.
23
Calculate the remainder when 658 is divided by 55.
53
What is the remainder when 2255 is divided by 47?
46
Calculate the remainder when 538 is divided by 15.
13
Calculate the remainder when 195 is divided by 38.
5
What is the remainder when 4553 is divided by 207?
206
Calculate the remainder when 670 is divided by 21.
19
Calculate the remainder when 333 is divided by 33.
3
Calculate the remainder when 1088 is divided by 317.
137
Calculate the remainder when 731 is divided by 49.
45
What is the remainder when 216 is divided by 3?
0
Calculate the remainder when 21 is divided by 7.
0
What is the remainder when 37 is divided by 21?
16
Calculate the remainder when 46 is divided by 39.
7
Calculate the remainder when 1674 is divided by 37.
9
Calculate the remainder when 2452 is divided by 249.
211
Calculate the remainder when 75 is divided by 20.
15
What is the remainder when 1447 is divided by 29?
26
Calculate the remainder when 4043 is divided by 34.
31
Calculate the remainder when 128 is divided by 27.
20
Calculate the remainder when 883 is divided by 56.
43
What is the remainder when 123 is divided by 86?
37
What is the remainder when 75 is divided by 44?
31
Calculate the remainder when 179 is divided by 26.
23
Calculate the remainder when 927 is divided by 133.
129
What is the remainder when 392 is divided by 117?
41
Calculate the remainder when 93 is divided by 37.
19
What is the remainder when 76 is divided by 42?
34
Calculate the remainder when 1515 is divided by 78.
33
What is the remainder when 582 is divided by 73?
71
What is the remainder when 467 is divided by 78?
77
What is the remainder wh